3). Calculate the greatest common factor of 47 and b.
47
Let m(l) = -24 + 19 - 2*l + 22. Let w be m(5). Calculate the greatest common factor of 1 and w.
1
Let k(j) = -2*j**2 + 29*j + 33. Let h be k(15). Calculate the highest common factor of 48 and h.
6
Let o = -73 - -75. Let t be (19 - (0 + 2))/(o + -1). What is the greatest common divisor of 119 and t?
17
Suppose -7*d + 197 = -7*f + 2*f, 3*d = 4*f + 77. Calculate the greatest common divisor of 217 and d.
31
Let q = -7 + 12. Suppose -4*f + q = -11. Suppose -u = -2*u + f. Calculate the highest common factor of 36 and u.
4
Let i be -4 + 4/(20/95). Let u = 36 - i. What is the greatest common factor of 42 and u?
21
Suppose -5 = -9*y + 40. Suppose 0 = -f - 2*p + 6*p - 2, 3*f = y*p + 8. Suppose 0 = -3*v + 6 + 3. Calculate the greatest common divisor of f and v.
3
Suppose -5*y = q - 48, -5*y + 5*q + 19 = -11. Let b = -14 - -59. Calculate the greatest common factor of y and b.
9
Let u(v) be the first derivative of 5*v**2 + 2*v + 3. Let a be u(5). What is the greatest common factor of a and 39?
13
Let r(t) = -4*t + 5. Let w be r(-6). Let s be ((-29)/(-3))/((-60)/(-540)). What is the greatest common factor of s and w?
29
Suppose 2*m = m - 11. Let j be ((-1)/2)/(5/((-540)/3)). Let a = j + m. What is the highest common divisor of 35 and a?
7
Let g(c) = -279*c - 3. Let p be g(-1). Suppose 2*q + 0*q = 948. Let z = q - p. What is the highest common factor of z and 18?
18
Let q = -16 - -18. Let u(x) = -2*x + 40 - x**q - 47 + 3*x**2. Let f be u(-7). Calculate the greatest common divisor of f and 42.
21
Let j be (-7 - -7)*(-1)/2. Suppose j = -f - 7*f + 152. Suppose -2*o - 608 = -6*o. What is the highest common divisor of f and o?
19
Let g(c) be the second derivative of c**4/12 - c**2 - 10*c. Let w be g(-2). Let y be 2 + w + -7 + 4. What is the greatest common divisor of 8 and y?
1
Let n(q) = 2*q**3 + 17*q**2 + 12*q - 8. Let h be n(-6). What is the greatest common factor of h and 380?
20
Suppose 0 = h - 2*g + 7*g - 23, 0 = 3*h - 3*g + 3. Let a = 71 + h. What is the highest common divisor of 37 and a?
37
Let f = -276 + 661. Calculate the highest common factor of f and 5.
5
Let p be (654/12 + (-11)/22)/2. Let u(v) = -v**3 + 5*v**2 + v - 5. Let r be u(4). Suppose 4*l + l - r = 0. What is the highest common factor of p and l?
3
Suppose 26*c - 24 = 22*c. Suppose 0 = -6*u + 3 + 15. Calculate the highest common divisor of c and u.
3
Let h = 255 - 233. What is the highest common divisor of 3674 and h?
22
Let x be (200 - 15)*-4*(-1)/10. What is the greatest common divisor of x and 666?
74
Suppose 0 = 13*t - 24 - 2. What is the highest common factor of t and 192?
2
Let k = 526 - 514. What is the greatest common divisor of k and 282?
6
Let z = 39 + -38. What is the highest common divisor of z and 25?
1
Let v = -222 + 250. Calculate the highest common divisor of 98 and v.
14
Suppose 0 = -3*z + 8 + 19. Let o be (-116)/(-36) - 2/9. Suppose -o*t = -5*f - 108, 3*t + 4*f + 12 = 120. Calculate the highest common factor of z and t.
9
Let b = 121 + -93. Suppose 2*g + 6 = k - 0*k, 5*g - 7 = -3*k. What is the greatest common factor of k and b?
4
Let v be (3 + -1)/(6/(-9)) + 63. What is the highest common factor of v and 250?
10
Suppose 2*c + 97 - 1047 = 0. What is the highest common divisor of 190 and c?
95
Suppose 45 = 2*c - 3*k, 0 = 4*c - k - 25 - 50. Calculate the greatest common factor of c and 18.
18
Let m = -32 - -68. Let p(o) = -o**2 + 9*o - 9. Let l be p(6). Calculate the greatest common divisor of m and l.
9
Let q be -2 + 1 + 1 - -22. Let j = 8 + -9. Let i be 1 - j - 172/(-2). Calculate the greatest common divisor of i and q.
22
Let a be 815/(-20)*(6 + 2). Let i = a + 479. What is the greatest common factor of 17 and i?
17
Let u(y) = -3*y - 22. Let b be u(-9). Suppose b*m + 5 = -2*s + 249, -4*s + 508 = 5*m. Let t = 3 + 30. Calculate the greatest common divisor of s and t.
33
Let r be (-3820)/(-18) - 2/9. What is the highest common divisor of 4 and r?
4
Let o(r) = r**3 + 2*r**2 - 4*r + 3. Let k be o(-4). Let h = k + 16. Let b = h + 5. What is the highest common divisor of b and 8?
8
Suppose -3*f = -2 - 4. Let r = -2 + f. Suppose 2*o + 5*d = 2, r = 3*o + 5*d + 2 - 5. What is the greatest common factor of 2 and o?
1
Let h be -2*(-4)/((-16)/(-206)). Let n = h - 47. Calculate the greatest common factor of n and 28.
28
Let s = -36 - -22. Let q be (-2)/((-4)/s)*-1. Calculate the greatest common divisor of 21 and q.
7
Let x be (-4 + 1)/((-56)/1904). What is the greatest common factor of 187 and x?
17
Let a be (64/24 + -3)/(2/(-24)). Let w be 0 - (a - 4) - -1 - -26. Let j = 9 + -6. What is the greatest common factor of j and w?
3
Let c = -3 - -4. Let l(s) = -s**3 + s**2 - 1. Suppose o - 4 = -5. Let k be l(o). Calculate the greatest common factor of c and k.
1
Let j(r) = -r + 32. Let z be j(18). What is the highest common divisor of z and 28?
14
Suppose z + 4*z - 380 = -4*l, 0 = 5*l - 4*z - 434. Let f(b) = 7*b - 24. Let g be 3 - (-2 + -5 + 4). Let j be f(g). What is the highest common factor of l and j?
18
Let p(k) = 53*k**3 - 10*k**2 + 8*k + 1. Let d be p(1). What is the highest common divisor of 546 and d?
26
Suppose -5*w + 153 = -5*c + 9*c, 3*w = 3*c - 81. Calculate the highest common divisor of c and 2656.
32
Let g be 145/8 + (-25)/200. What is the highest common divisor of g and 54?
18
Suppose 10*x - 290 = 550. Let r = 19 + -7. Calculate the greatest common factor of x and r.
12
Let l = -501 + 552. Calculate the greatest common divisor of 187 and l.
17
Let a(l) = -8*l - 22. Let g be a(-15). Suppose 6*f + 130 = 5*c + f, 4*c = -f + 114. Calculate the highest common factor of c and g.
14
Suppose -3*v = 3*x - 2913, -22*v + 23*v + 5*x - 979 = 0. Calculate the greatest common factor of 57 and v.
57
Let y = 67 + -64. Let b(c) = c**3 + c**2 - 2*c. Let f be b(y). What is the greatest common factor of 12 and f?
6
Let h = -111 + 117. Calculate the greatest common divisor of h and 42.
6
Let j(x) = x**2 - 2*x + 464. Let n be j(-56). Calculate the highest common factor of n and 128.
128
Suppose 40 = m + 4*l - 7, 2*m + 2*l = 76. Suppose 4*z - 6*c + 5*c - 26 = 0, 2*z + 4*c = 22. Calculate the highest common factor of m and z.
7
Suppose -24 = -4*b - m, 5*m - 4 = 4*m. Suppose 0*l + 4*l + 32 = 2*r, 48 = 3*r - b*l. What is the greatest common factor of r and 1?
1
Suppose 34*s + 18*s - 2028 = 0. Suppose 0 = -2*b + t + 405 + 454, -3*b = 3*t - 1284. Calculate the greatest common divisor of s and b.
39
Let v be ((-4)/3 - -1) + (-754)/(-39). Suppose 61 + v = 8*x. Suppose g = 3*g - 4. What is the highest common divisor of x and g?
2
Suppose -25 = -g + 5*m, -7*m + 6*m = 2. Let j(x) = x**2 - 18*x + 57. Let l be j(g). Calculate the highest common factor of 6 and l.
6
Suppose -n - 119 + 116 = 0. Let b(f) = -10*f + 15. Let w be b(n). Suppose -4*k = -29 + 9. What is the highest common factor of k and w?
5
Let z(n) = n**2 - 36*n - 112. Let s be z(-3). What is the greatest common divisor of s and 640?
5
Suppose 5*f + x - 719 = 0, 3*f - x = 519 - 86. Calculate the greatest common factor of f and 45.
9
Let o(m) = m**3 - 11*m**2 - 12*m + 18. Suppose -72 = -7*u + 12. Let y be o(u). What is the highest common factor of 198 and y?
18
Let u be (-7)/9 + (-235)/45 + 5. Let i = 146 - 368. Let x be 3 + u/(3/i). What is the greatest common factor of x and 11?
11
Let f(i) = i**3 - 12*i**2 + 11*i - 16. Let c be f(10). Let q = c + 223. What is the highest common factor of q and 9?
9
Let v(y) = 49*y**2 - 2*y - 10. Let c be v(-2). What is the highest common factor of c and 38?
38
Suppose 2*j - 4 = j. Let v be 3/j*(6 - 2). Suppose l - 2*l = -2. Calculate the highest common factor of l and v.
1
Let s(d) = 3*d**2 - 12*d - 1. Let q(g) = -2*g**2 + 11*g + 1. Let r(t) = 4*q(t) + 3*s(t). Let p be r(-9). Calculate the greatest common factor of p and 110.
10
Let f(p) = p**3 + 3*p**2 - 6*p + 11. Let h be f(-4). Suppose 3*g + 176 = h*g. What is the greatest common factor of g and 121?
11
Let c = 17 - 8. Suppose -2*i + f + 2 + c = 0, -41 = -5*i - 2*f. Let q(u) = 2*u + 1. Let b be q(i). What is the greatest common divisor of b and 15?
15
Let a(p) = p**3 - 5*p**2 + 4*p + 25. Let k be a(5). Suppose s + 1 = 10. Calculate the greatest common factor of s and k.
9
Let r = 53 + -37. Suppose -5*